{"id":194,"date":"2018-02-12T13:01:29","date_gmt":"2018-02-12T12:01:29","guid":{"rendered":"http:\/\/inet-media.com.pl\/cms\/wik\/?page_id=194"},"modified":"2022-08-05T12:21:39","modified_gmt":"2022-08-05T10:21:39","slug":"jakosc","status":"publish","type":"page","link":"https:\/\/wik.home.pl\/www\/srodowisko\/woda\/jakosc\/","title":{"rendered":"Ocena o jako\u015bci wody"},"content":{"rendered":"<p><strong>Woda dostarczana przez Przedsi\u0119biorstwo &#8222;WiK&#8221; pobierana jest z sze\u015bciu uj\u0119\u0107 g\u0142\u0119binowych:<\/strong><\/p>\n<p><span style=\"font-family: georgia, palatino, serif; font-size: 12pt; color: #000000;\">uj\u0119cia kredowe K-3 i K-5 (przy ul. Grunwaldzkiej)<\/span><br \/>\n<span style=\"font-family: georgia, palatino, serif; font-size: 12pt; color: #000000;\">uj\u0119cia kredowe K-2 i K-4 (przy ul. Podmiejskiej)<\/span><br \/>\n<span style=\"font-family: georgia, palatino, serif; font-size: 12pt; color: #000000;\">uj\u0119cia czwrtorz\u0119dowe Q2 i Q3a (przy ul. Obro\u0144c\u00f3w Westerplatte)<\/span><\/p>\n<p><span style=\"font-family: georgia, palatino, serif; font-size: 12pt; color: #000000;\">Technologie uzdatniania wody ze wszystkich uj\u0119\u0107 oparte s\u0105 na procesach naturalnych &#8211; napowietrzaniu i filtracji, bez dozowania chemikali\u00f3w i silnych utleniaczy. Wszystkie stosowane przez nas technologie s\u0105 przyjazne cz\u0142owiekowi i \u015brodowisku.<\/span><\/p>\n<p><span style=\"font-family: georgia, palatino, serif; font-size: 12pt; color: #000000;\">Jako\u015b\u0107 wody odpowiada wymaganiom sanitarnym okre\u015blonym w &#8222;Rozporz\u0105dzenie Ministra Zdrowia z dnia 11 grudnia 2017 r. w sprawie jako\u015bci wody przeznaczonej do spo\u017cycia przez ludzi .&#8221;<\/span><\/p>\n<p><span style=\"font-family: georgia, palatino, serif; font-size: 12pt; color: #000000;\">Ocena o jako\u015bci wody przeznaczonej do spo\u017cycia przez ludzi wydawana jest przez Pa\u0144stwowy Inspektorat Sanitarny w Pruszczu Gda\u0144skim.<\/span><\/p>\n<p><span style=\"font-family: georgia, palatino, serif; font-size: 12pt; color: #000000;\">1. Ocena o jako\u015bci wody przeznaczonej do spo\u017cycia przez ludzi za okresy:<\/span><\/p>\n<p><span style=\"font-family: georgia, palatino, serif; font-size: 12pt; color: #000000;\">I\u00a0 p\u00f3\u0142rocze 2017r &#8211;\u00a0 <span style=\"color: #ff0000;\"><a style=\"color: #ff0000;\" href=\"http:\/\/www.wik.home.pl\/userfiles\/file\/ocena_o_jakosci_wody\/ocena_o_jakosci_wody_i_2017.pdf\">POBIERZ<\/a><\/span><\/span><\/p>\n<p><span style=\"font-family: georgia, palatino, serif; font-size: 12pt; color: #000000;\">II p\u00f3\u0142rocze 2017r &#8211;<span style=\"color: #ff0000;\"> <a style=\"color: #ff0000;\" href=\"http:\/\/www.wik.home.pl\/userfiles\/file\/jakosc_wody\/ii_polrocze_2017.pdf\">POBIERZ<\/a><\/span><\/span><\/p>\n<p><span style=\"font-family: georgia, palatino, serif; font-size: 12pt; color: #000000;\">I\u00a0 p\u00f3\u0142rocze 2018r &#8211; <a style=\"color: #000000;\" href=\"http:\/\/www.wik.home.pl\/userfiles\/file\/ocena_jakosci_wody\/i_polrocze_2018.pdf\"><span style=\"color: #ff0000;\">\u00a0POBIERZ<\/span><\/a><\/span><\/p>\n<p><span style=\"font-family: georgia, palatino, serif; font-size: 12pt; color: #000000;\">II p\u00f3\u0142rocze 2018r &#8211;<span style=\"color: #ff0000;\"> <a style=\"color: #ff0000;\" href=\"http:\/\/www.wik.home.pl\/userfiles\/file\/ocena_jakosci_wody\/ocena_jakosci_wody_ii_kwartal_2008.pdf\">POBIERZ<\/a><\/span><\/span><\/p>\n<p><span style=\"font-family: georgia, palatino, serif; font-size: 12pt; color: #000000;\">I\u00a0 p\u00f3\u0142rocze 2019r. &#8211;<span style=\"color: #ff0000;\"> <a style=\"color: #ff0000;\" href=\"http:\/\/www.wik.home.pl\/userfiles\/file\/jakosc_wody\/ocena_woda_i_2019.pdf\">POBIERZ<\/a><\/span><\/span><\/p>\n<p><span style=\"font-family: georgia, palatino, serif; font-size: 12pt; color: #000000;\">II p\u00f3\u0142rocze 2019r. &#8211; <span style=\"color: #ff0000;\"><a style=\"color: #ff0000;\" href=\"http:\/\/wik.home.pl\/www\/wp-content\/uploads\/2020\/01\/OCENA-O-JAKO\u015aCI-WODY-II-P\u00d3\u0141ROCZE-2019.pdf\">POBIERZ<\/a><\/span><\/span><\/p>\n<p><span style=\"font-family: georgia, palatino, serif; font-size: 12pt; color: #000000;\">I p\u00f3\u0142rocze 2020r. &#8211;<span style=\"color: #ff0000;\"> <a style=\"color: #ff0000;\" href=\"http:\/\/wik.home.pl\/www\/wp-content\/uploads\/2021\/02\/I-p\u00f3\u0142rocze-2020.pdf\">POBIERZ<\/a><\/span><\/span><\/p>\n<p><span style=\"font-family: georgia, palatino, serif; font-size: 12pt; color: #000000;\">II p\u00f3\u0142rocze 2020r. &#8211;<span style=\"color: #ff0000;\"> <a style=\"color: #ff0000;\" href=\"http:\/\/wik.home.pl\/www\/wp-content\/uploads\/2021\/02\/II-p\u00f3\u0142rocze-2020.pdf\">POBIERZ<\/a><\/span><\/span><\/p>\n<p><span style=\"font-family: georgia, palatino, serif; font-size: 12pt; color: #000000;\">I\u00a0 p\u00f3\u0142rocze 2021r. &#8211; <span style=\"color: #ff0000;\"><a style=\"color: #ff0000;\" href=\"http:\/\/wik.home.pl\/www\/wp-content\/uploads\/2021\/08\/ocena-I-polrocze-2021.pdf\">POBIERZ<\/a><\/span><\/span><\/p>\n<p><span style=\"font-family: georgia, palatino, serif; font-size: 12pt; color: #000000;\">II p\u00f3\u0142rocze 2021r. &#8211;<span style=\"color: #ff0000;\"><a style=\"color: #ff0000;\" href=\"http:\/\/wik.home.pl\/www\/wp-content\/uploads\/2022\/01\/Ocena-o-jakosci-wody-za-II-polrocze-2021.pdf\"> POBIERZ<\/a><\/span><\/span><\/p>\n<p><span style=\"font-family: georgia, palatino, serif; font-size: 12pt; color: #000000;\">I\u00a0 p\u00f3\u0142rocze 2022r. &#8211; <\/span><span style=\"color: #ff0000; font-family: georgia, palatino, serif; font-size: 12pt;\"><a style=\"color: #ff0000;\" href=\"http:\/\/wik.home.pl\/www\/wp-content\/uploads\/2022\/08\/ocena-o-jakosci-wody-przydatnej-do-spozycia-z-I-polrocze-2022r.pdf\">POBIERZ<\/a><\/span><\/p>\n<p><span style=\"font-family: georgia, palatino, serif; font-size: 12pt; color: #000000;\">2. Szczeg\u00f3\u0142owe parametry wody dostarczanej do odbiorc\u00f3w\u00a0&#8211;<span style=\"color: #ff0000;\"> <a style=\"color: #ff0000;\" href=\"http:\/\/www.wik.home.pl\/userfiles\/file\/jakosc_wody\/parametry_wody_wik(1).pdf\">POBIERZ<\/a><\/span><\/span><\/p>\n<p><span style=\"font-family: georgia, palatino, serif; font-size: 12pt; color: #000000;\">3. Sprawozdania z bada\u0144 wody na stacjach uzdatniania wody:<\/span><\/p>\n<ul>\n<li><span style=\"font-family: georgia, palatino, serif; font-size: 12pt; color: #000000;\">Sprawozdanie z badania wody 2020r. SUW1, SUW2, SUW3 &#8211;<span style=\"color: #ff0000;\"><a style=\"color: #ff0000;\" href=\"http:\/\/wik.home.pl\/www\/wp-content\/uploads\/2020\/11\/sprawozdanie-z-badania-wody-SUW1-SUW2-SUW3.pdf\">POBIERZ<\/a><\/span><\/span><\/li>\n<li><span style=\"font-family: georgia, palatino, serif; font-size: 12pt; color: #000000;\">Sprawozdanie z badania wody 2021r. SUW1, SUW2, SUW3 &#8211; <span style=\"color: #ff0000;\"><a style=\"color: #ff0000;\" href=\"http:\/\/wik.home.pl\/www\/wp-content\/uploads\/2021\/08\/badania-wody.pdf\">POBIERZ<\/a><\/span><\/span><\/li>\n<li><span style=\"font-family: georgia, palatino, serif; font-size: 12pt; color: #000000;\">Sprawozdanie z badania wody 2022r. SUW1, SUW2, SUW3 &#8211;<span style=\"color: #ff0000;\"> <a style=\"color: #ff0000;\" href=\"http:\/\/wik.home.pl\/www\/wp-content\/uploads\/2022\/03\/sprawozdania-z-badan-SUW-123-31.01.2022.pdf\">POBIERZ<\/a><\/span><\/span><\/li>\n<\/ul>\n<div><\/div>\n","protected":false},"excerpt":{"rendered":"<p>Woda dostarczana przez Przedsi\u0119biorstwo &#8222;WiK&#8221; pobierana jest z sze\u015bciu uj\u0119\u0107 g\u0142\u0119binowych: uj\u0119cia kredowe K-3 i K-5 (przy ul. Grunwaldzkiej) uj\u0119cia kredowe K-2 i K-4 (przy ul. Podmiejskiej) uj\u0119cia czwrtorz\u0119dowe Q2 i Q3a (przy ul. Obro\u0144c\u00f3w Westerplatte) Technologie uzdatniania wody ze wszystkich uj\u0119\u0107 oparte s\u0105 na procesach naturalnych &#8211; napowietrzaniu i filtracji, bez dozowania chemikali\u00f3w i [&hellip;]<\/p>\n","protected":false},"author":1,"featured_media":0,"parent":185,"menu_order":0,"comment_status":"closed","ping_status":"closed","template":"pageSrodowisko.php","meta":{"_links_to":"","_links_to_target":""},"_links":{"self":[{"href":"https:\/\/wik.home.pl\/www\/wp-json\/wp\/v2\/pages\/194"}],"collection":[{"href":"https:\/\/wik.home.pl\/www\/wp-json\/wp\/v2\/pages"}],"about":[{"href":"https:\/\/wik.home.pl\/www\/wp-json\/wp\/v2\/types\/page"}],"author":[{"embeddable":true,"href":"https:\/\/wik.home.pl\/www\/wp-json\/wp\/v2\/users\/1"}],"replies":[{"embeddable":true,"href":"https:\/\/wik.home.pl\/www\/wp-json\/wp\/v2\/comments?post=194"}],"version-history":[{"count":8,"href":"https:\/\/wik.home.pl\/www\/wp-json\/wp\/v2\/pages\/194\/revisions"}],"predecessor-version":[{"id":2193,"href":"https:\/\/wik.home.pl\/www\/wp-json\/wp\/v2\/pages\/194\/revisions\/2193"}],"up":[{"embeddable":true,"href":"https:\/\/wik.home.pl\/www\/wp-json\/wp\/v2\/pages\/185"}],"wp:attachment":[{"href":"https:\/\/wik.home.pl\/www\/wp-json\/wp\/v2\/media?parent=194"}],"curies":[{"name":"wp","href":"https:\/\/api.w.org\/{rel}","templated":true}]}}